102
What is the remainder when 1355365 is divided by 1041?
1024
What is the remainder when 1852236 is divided by 126?
36
What is the remainder when 71398 is divided by 287?
222
Calculate the remainder when 2845877 is divided by 4031.
4022
Calculate the remainder when 532272 is divided by 3858.
3726
Calculate the remainder when 36278 is divided by 33450.
2828
Calculate the remainder when 11495762 is divided by 70.
12
Calculate the remainder when 61079 is divided by 5523.
326
What is the remainder when 81035573 is divided by 25?
23
What is the remainder when 543416 is divided by 912?
776
Calculate the remainder when 28794 is divided by 3498.
810
Calculate the remainder when 45808733 is divided by 14936.
21
Calculate the remainder when 87482399 is divided by 715.
4
Calculate the remainder when 66681 is divided by 5850.
2331
Calculate the remainder when 4821311 is divided by 370867.
40
Calculate the remainder when 15322671 is divided by 19.
7
What is the remainder when 18270487 is divided by 807?
7
Calculate the remainder when 1239832 is divided by 5485.
222
Calculate the remainder when 1453412 is divided by 5.
2
What is the remainder when 240183356 is divided by 720?
716
Calculate the remainder when 491620 is divided by 3538.
3376
Calculate the remainder when 70545 is divided by 3470.
1145
What is the remainder when 1232228 is divided by 112013?
85
What is the remainder when 5201644 is divided by 2245?
2224
What is the remainder when 13719575 is divided by 6859783?
9
What is the remainder when 9659732 is divided by 1379959?
19
What is the remainder when 34886 is divided by 8585?
546
Calculate the remainder when 3662821 is divided by 159.
97
Calculate the remainder when 3131443 is divided by 25.
18
What is the remainder when 387840 is divided by 56?
40
Calculate the remainder when 6567327 is divided by 110.
107
Calculate the remainder when 5224314 is divided by 5.
4
What is the remainder when 71579 is divided by 487?
477
What is the remainder when 396199 is divided by 3516?
2407
What is the remainder when 42366142 is divided by 42366132?
10
What is the remainder when 282763 is divided by 21745?
78
What is the remainder when 25461511 is divided by 68?
67
Calculate the remainder when 6185314 is divided by 2061730.
124
What is the remainder when 6013100 is divided by 28498?
22
Calculate the remainder when 128904 is divided by 18411.
27
What is the remainder when 347207 is divided by 346881?
326
What is the remainder when 295506 is divided by 147592?
322
What is the remainder when 33936 is divided by 1131?
6
Calculate the remainder when 1670092 is divided by 856.
36
What is the remainder when 791658 is divided by 618?
0
Calculate the remainder when 9381802 is divided by 3914.
3858
What is the remainder when 40212 is divided by 65?
42
Calculate the remainder when 7085444 is divided by 3542722.
0
Calculate the remainder when 2612347 is divided by 929.
928
What is the remainder when 14090462 is divided by 5?
2
Calculate the remainder when 5411 is divided by 279.
110
Calculate the remainder when 5291378 is divided by 1268.
14
What is the remainder when 7181473 is divided by 223?
204
Calculate the remainder when 3819348 is divided by 218.
206
What is the remainder when 915787 is divided by 103?
14
What is the remainder when 516899 is divided by 221?
201
What is the remainder when 264563410 is divided by 29395934?
4
What is the remainder when 2930267 is divided by 27132?
11
Calculate the remainder when 386377 is divided by 14308.
61
What is the remainder when 812129 is divided by 382?
379
What is the remainder when 7085564 is divided by 412?
400
Calculate the remainder when 2553407 is divided by 912.
719
What is the remainder when 122671 is divided by 2187?
199
What is the remainder when 681124 is divided by 1733?
55
What is the remainder when 870596 is divided by 355?
136
Calculate the remainder when 80515 is divided by 1211.
589
What is the remainder when 477378 is divided by 68164?
230
Calculate the remainder when 18981218 is divided by 746.
740
What is the remainder when 425027 is divided by 1273?
1118
What is the remainder when 142819 is divided by 3596?
2575
What is the remainder when 39740829 is divided by 223?
222
Calculate the remainder when 1048118 is divided by 1046816.
1302
Calculate the remainder when 236131 is divided by 58820.
851
Calculate the remainder when 34530 is divided by 4275.
330
Calculate the remainder when 636336 is divided by 74.
10
Calculate the remainder when 22816 is divided by 7327.
835
What is the remainder when 3773059 is divided by 65?
4
Calculate the remainder when 987679 is divided by 987575.
104
Calculate the remainder when 6554518 is divided by 1734.
1732
Calculate the remainder when 468371 is divided by 3146.
2763
What is the remainder when 4134118 is divided by 66679?
20
What is the remainder when 18331467 is divided by 35?
7
What is the remainder when 1277277 is divided by 2596?
45
What is the remainder when 320804 is divided by 1715?
99
Calculate the remainder when 841840 is divided by 1799.
1707
What is the remainder when 17493843 is divided by 649?
48
What is the remainder when 890201 is divided by 46850?
51
What is the remainder when 10310 is divided by 1432?
286
Calculate the remainder when 211970 is divided by 269.
267
Calculate the remainder when 1754194 is divided by 980.
974
What is the remainder when 6424134 is divided by 381?
93
What is the remainder when 95739 is divided by 47525?
689
What is the remainder when 7067582 is divided by 11418?
11258
What is the remainder when 115873784 is divided by 2100?
2084
Calculate the remainder when 241475215 is divided by 420.
415
What is the remainder when 1909630203 is divided by 9?
6
Calculate the remainder when 473101 is divided by 7139.
1927
What is the remainder when 12681 is divided by 1445?
1121
Calculate the remainder when 4694089 is divided by 176.
169
Calculate the remainder when 396295 is divided by 2506.
347
What is the remainder when 25996041 is divided by 96?
9
Calculate the remainder when 19616482 is divided by 2096.
18
Calculate the remainder when 6888500 is divided by 148.
136
What is the remainder when 3008907 is divided by 411?
387
Calculate the remainder when 82160 is divided by 627.
23
What is the remainder when 16237068 is divided by 29?
26
Calculate the remainder when 120645503 is divided by 192.
191
What is the remainder when 414693 is divided by 5249?
22
Calculate the remainder when 780642 is divided by 711.
675
What is the remainder when 100209 is divided by 31385?
6054
Calculate the remainder when 71669878 is divided by 1567.
1566
Calculate the remainder when 12756300 is divided by 9.
6
Calculate the remainder when 23004 is divided by 1191.
375
What is the remainder when 44300 is divided by 1919?
163
Calculate the remainder when 53964322 is divided by 86.
10
Calculate the remainder when 36216672 is divided by 33.
30
Calculate the remainder when 394377 is divided by 65729.
3
Calculate the remainder when 4914274 is divided by 39002.
22
What is the remainder when 124683 is divided by 403?
156
What is the remainder when 957389 is divided by 214?
167
Calculate the remainder when 23306 is divided by 10313.
2680
Calculate the remainder when 5526 is divided by 2107.
1312
Calculate the remainder when 78477 is divided by 24660.
4497
Calculate the remainder when 2843578 is divided by 5733.
10
Calculate the remainder when 602775 is divided by 30128.
215
What is the remainder when 516031 is divided by 516010?
21
What is the remainder when 183294 is divided by 999?
477
What is the remainder when 587232 is divided by 150?
132
What is the remainder when 6869768 is divided by 2097?
2093
What is the remainder when 98595 is divided by 5178?
213
Calculate the remainder when 107967228 is divided by 773.
772
Calculate the remainder when 6261342 is divided by 26644.
2
Calculate the remainder when 110822 is divided by 35.
12
What is the remainder when 2387253 is divided by 35?
8
Calculate the remainder when 52303 is divided by 2100.
1903
Calculate the remainder when 28569852 is divided by 16.
12
What is the remainder when 134564 is divided by 2324?
2096
What is the remainder when 62156 is divided by 4824?
4268
What is the remainder when 188005 is divided by 87